89. Calculate m(5).
31
Let q(s) = -693*s + 16635. Calculate q(24).
3
Let g(h) = 5*h**2 - 313*h - 1465. Determine g(67).
9
Let z(k) = -15*k**2 - 70*k + 119. What is z(-6)?
-1
Let u(o) = -2*o**3 + 35*o**2 - 194*o + 2326. Calculate u(16).
-10
Let t(c) = 1318*c - 4178. Determine t(3).
-224
Let t(y) = -y**3 + 45*y**2 + 97*y - 128. Calculate t(47).
13
Let b(z) = -1226*z - 2376. Give b(-2).
76
Let z(p) = -p**3 - 19*p**2 + p + 19. What is z(-19)?
0
Let h(m) = 2*m - 98. What is h(14)?
-70
Let a(q) = 30*q + 53. Give a(-4).
-67
Let j(l) = -2*l**2 + 7*l + 4. Determine j(-8).
-180
Let m(r) = 2*r**2 + 33*r + 196. Calculate m(-10).
66
Let p(j) = -5*j**2 + 61*j - 194. Calculate p(4).
-30
Let k(u) = u**2 + 63*u - 1260. Determine k(16).
4
Let k(u) = -3*u**3 + 27*u**2 - 30*u + 33. Give k(10).
-567
Let s(c) = 4*c**2 + 84*c + 50. Calculate s(-20).
-30
Let l(b) = -34*b**2 + 12*b + 66. What is l(-4)?
-526
Let o(r) = -3*r**3 + 12*r**2 - 3*r + 4. Give o(5).
-86
Let r(h) = -182*h - 2330. Calculate r(-13).
36
Let r(v) = 9*v + 35. What is r(-4)?
-1
Let n(b) = -6*b**2 - 144*b. Give n(-24).
0
Let r(c) = -25*c**2 - 154*c + 177. Determine r(-7).
30
Let x(s) = -s**3 - 10*s**2 + 199*s - 19. What is x(-20)?
1
Let f(i) = -2*i**3 + 30*i**2 + 33*i - 56. Give f(16).
-40
Let s(c) = c**3 - 26*c**2 + 143*c + 155. Determine s(16).
-117
Let r(i) = 2*i**2 - 242*i - 11699. What is r(-37)?
-7
Let d(z) = -12*z**2 + 6*z + 23. Determine d(-4).
-193
Let z(l) = -159*l - 24969. Determine z(-157).
-6
Let o(j) = j**3 + 108*j**2 + 199*j - 27. Give o(-2).
-1
Let n(r) = r**2 + 41*r + 150. What is n(-37)?
2
Let t(h) = -3*h**2 + 54*h - 4. What is t(-2)?
-124
Let q(h) = h**3 - 13*h**2 + 15*h + 102. Calculate q(11).
25
Let k(v) = -2*v**3 - 34*v**2 + 46*v + 19. Give k(-18).
-161
Let v(d) = -4*d**2 + 65*d - 240. Give v(11).
-9
Let i(q) = -q**3 + 10*q**2 + 38*q - 43. Calculate i(11).
254
Let c(y) = 2*y**3 + 145*y**2 + 69*y - 244. What is c(-72)?
-28
Let t(c) = -c**3 + 14*c**2 - 27*c - 2. Calculate t(13).
-184
Let h(q) = 35*q**2 - 3992*q + 224. Give h(114).
-4
Let l(i) = -96*i**2 - 79*i - 2. Determine l(-1).
-19
Let w(i) = 66*i + 73. Give w(-7).
-389
Let l(u) = 11*u**2 - 9*u + 27. Determine l(-4).
239
Let l(n) = -n**3 - 61*n**2 + 53*n - 588. Give l(-62).
-30
Let i(z) = 3667*z + 18339. Calculate i(-5).
4
Let u(z) = -z**3 + 5*z**2 + 3*z - 36. Give u(5).
-21
Let s(d) = -d**3 + 25*d**2 + 121*d - 148. Determine s(29).
-3
Let h(z) = z**3 + 58*z**2 - 130*z - 625. Determine h(-60).
-25
Let b(x) = x**3 + 81*x**2 + 162*x + 319. Give b(-79).
3
Let d(r) = r**2 + r - 331. Give d(-19).
11
Let s(j) = -2*j**3 + 5*j**2 - 13*j + 15. Calculate s(5).
-175
Let f(n) = -22*n + 328. What is f(16)?
-24
Let f(x) = x**3 + 8*x**2 + x - 1. Give f(-2).
21
Let m(c) = -11*c**3 - 7*c**2 + 8*c - 7. Determine m(2).
-107
Let r(d) = 2*d**2 + 67*d + 104. Determine r(-32).
8
Let p(x) = x**3 + 2*x**2 - 32*x - 10. What is p(5)?
5
Let m(i) = 2*i**2 - 5*i - 377. Calculate m(15).
-2
Let a(k) = 9*k**2 - 286*k - 74. Calculate a(32).
-10
Let j(a) = 114*a + 45. Determine j(-3).
-297
Let c(j) = -251*j - 20820. Give c(-83).
13
Let g(r) = -81*r + 1191. What is g(15)?
-24
Let p(u) = -3*u**2 - 136*u + 15644. What is p(53)?
9
Let f(x) = 3*x**3 + x**2 - 6*x - 6. What is f(2)?
10
Let j(c) = -33*c**2 - 32*c - 9. Determine j(-2).
-77
Let u(a) = -6*a**2 - a - 33. Give u(5).
-188
Let l(a) = a**3 + 5*a**2 + 73*a + 463. Calculate l(-6).
-11
Let z(t) = 908*t + 7339. Give z(-8).
75
Let q(c) = -90*c - 2032. Calculate q(-23).
38
Let b(f) = f**2 + 29*f + 101. Give b(-6).
-37
Let l(z) = 2*z**2 + 4*z - 165. Determine l(-8).
-69
Let h(m) = -23*m + 300. Determine h(38).
-574
Let d(l) = 3*l**3 - 6*l**2 - 25*l + 5. What is d(7)?
565
Let a(o) = 39*o - 48. Determine a(4).
108
Let d(y) = 5*y**2 - 35*y + 58. Give d(4).
-2
Let x(l) = -l**2 - 145*l - 4670. Give x(-99).
-116
Let a(z) = -245*z + 1226. Determine a(5).
1
Let c(o) = 2*o**2 - 85*o + 908. Calculate c(19).
15
Let d(u) = 61*u - 2647. What is d(39)?
-268
Let q(s) = -8*s - 449. Determine q(-41).
-121
Let i(b) = -b**3 - 22*b**2 + 2*b + 21. What is i(0)?
21
Let u(f) = -f**3 - 46*f**2 + 99*f - 30. Give u(-48).
-174
Let h(x) = -x**2 + 45*x - 932. Calculate h(17).
-456
Let z(g) = g**3 - g**2 - 71*g - 184. Determine z(-4).
20
Let m(i) = -1566*i + 3147. Determine m(2).
15
Let p(z) = -z**3 + 9*z**2 + 194*z - 28. Give p(20).
-548
Let f(d) = 2*d**3 + 16*d**2 + 46*d + 575. Calculate f(-9).
-1
Let c(r) = 8*r**3 + 22*r**2 - 43*r + 3. What is c(2)?
69
Let m(z) = z**3 - 3*z**2 + 655*z - 1963. What is m(3)?
2
Let d(w) = -w**3 - 8*w**2 - 16*w - 26. Give d(-7).
37
Let o(k) = 199*k - 1320. Calculate o(7).
73
Let u(m) = -m + 22. What is u(-45)?
67
Let m(o) = o**3 + 7*o**2 - 13*o - 121. What is m(-6)?
-7
Let v(k) = -2*k**3 + 20*k**2 + 32*k + 50. Determine v(10).
370
Let a(g) = -32*g**2 + 1. What is a(-1)?
-31
Let f(o) = 13*o**2 - 33*o + 4. Calculate f(1).
-16
Let k(f) = -68*f**3 + f**2 - 5*f - 6. Determine k(-1).
68
Let o(z) = -2*z**2 - 18*z + 78. Give o(-11).
34
Let h(v) = -21*v**2 + 73*v + 47. Give h(4).
3
Let l(q) = 43*q + 6360. Give l(-149).
-47
Let i(q) = 4*q**2 + 117*q + 97. Calculate i(-29).
68
Let m(b) = -9*b**2 - 187*b + 62. Give m(-21).
20
Let h(a) = -23*a + 251. Calculate h(7).
90
Let l(c) = 3*c**3 - 27*c**2 - 2*c - 2. Give l(2).
-90
Let b(g) = g**3 - 2*g**2 - 12*g + 10. Give b(-5).
-105
Let o(x) = -x**3 - 29*x**2 + 252*x + 14. Determine o(-36).
14
Let g(n) = -n**3 + 7*n**2 - 12*n + 24. What is g(6)?
-12
Let c(d) = 20*d + 2434. Determine c(-81).
814
Let w(x) = 2*x**2 - 55*x + 139. Calculate w(4).
-49
Let l(n) = 3*n**2 + 129*n + 128. What is l(-42)?
2
Let b(s) = -15*s**3 + 5*s**2 + 11*s + 12. What is b(-2)?
130
Let o(g) = g**2 + 38*g + 126. Calculate o(-24).
-210
Let j(z) = -z**2 + 76*z + 53308. Calculate j(272).
-4
Let s(y) = 458*y - 6402. Calculate s(14).
10
Let f(k) = k**2 - 21*k + 16. What is f(21)?
16
Let i(c) = -3*c**3 + 26*c**2 + 879*c - 7166. Determine i(8).
-6
Let g(c) = 676*c + 4729. What is g(-7)?
-3
Let q(z) = 2*z**3 - 28*z**2 + 13*z - 40. What is q(15)?
605
Let x(n) = -2*n**3 + 41*n**2 - 17*n - 25. What is x(20)?
35
Let a(y) = -4*y**3 - 23*y**2 + 27*y + 244. Give a(-5).
34
Let q(s) = 21*s**2 + 13*s - 5. Determine q(1).
29
Let b(i) = 4*i - 163. What is b(44)?
13
Let j(z) = -z**3 + 481*z**2 + 1519*z - 32426. Calculate j(484).
2
Let f(r) = -r**2 - 2225*r - 11098. What is f(-5)?
2
Let h(f) = -f**2 + 464*f + 15878. What is h(-32)?
6
Let k(b) = 10036*b + 90322. Determine k(-9).
-2
Let p(z) = 7*z**3 + 9*z**2 - 23*z - 5. What is p(3)?
196
Let u(g) = 113*g + 1801. What is u(-16)?
-7
Let z(i) = 46*i**3 + 2*i**2 - 32*i + 30. What is z(1)?
46
Let p(v) = v**3 - 67*v - 20. What is p(9)?
106
Let l(z) = -86*z + 464. Calculate l(5).
34
Let w(n) = n**3 + 9*n**2 - 8*n - 9. Give w(-10).
-29
Let s(h) = -4*h**3 + 8*h**2 + 25*h - 17. Give s(5).
-192
Let m(n) = -3*n**3 - 7*n**2 - 14*n - 2. Calculate m(-3).
58
Let s(f) = 4039*f - 24231. Give s(6).
3
Let p(m) = m**2 - 661*m + 11546. Calculate p(18).
-28
Let p(q) = -38*q**2 + 10*q + 38. Determine p(-3).
-334
Let j(u) = 2*u**3 - 35*u**2 + 12*u - 17. What is j(17)?
-102
Let w(x) = -2*x**3 - 18*x**2 - x - 13. Calculate w(-9).
-4
Let x(f) = f**3 - 23*f**2 + 36*f - 301. What is x(22)?
7
Let n(m) = 15*m - 195. Determine n(14).
15
Let a(h) = h**2 + 32*h + 217. Determine a(-16).
-39
Let q(w) = 21*w**2 - 839*w - 28. Determine q(40).
12
Let c(k) = 3*k**2 - 171*k - 1143. Determine c(63).
-9
Let w(o) = 333*o + 2673. Determine w(-8).
9
Let v(q) = -115*q + 1612. What is v(14)?
2
Let w(h) = h + 133. Give w(33).
166
Let k(s) = -10*s**2 + 2*s + 22. Give k(-9).
-806
Let i(v) = -10*v - 369. Calculate i(0).
-369
Let y(o) = o**3 - 24*o**2 + 63*o - 1. What is y(21)?
-1
Let k(f) = 60*f - 26. Determine k(-1).
-86
Let b(y) = y**2 - 18*y - 614. Give b(35).
-19
Let l(y) = -y + 135. Give l(49).
86
Let p(c) = 16*c**2 + 14*c + 5. Calculate p(-4).
205
Let o(d) = -20*d - 120. Calculate o(-2).
-80
Let t(i) = -i**3 + 12*i**2 - 19*i + 128. Give t(5).
208
Let d(y) = y**2 - 44*y - 135. Determine d(47).
6
Let w(m) = m**3 - 21*m**2 + 85*m + 88. Determine w(15).
13
Let z(d) = -6*d - 235. Determine z(-60).
125
Let n(w) = 3*w - 52. Give n(36).
56
Let g(t) = -t**3 + 46*t**2 - 92*t + 163. What is g(44)?
-13
Let d(s) = -77*s - 1712. Calculate 